reatest common divisor of t and 320?
80
Suppose 442*a - 447*a = -15. Suppose -2*y = -3*p + 84, 5*p + 51 - 191 = a*y. Calculate the highest common divisor of 64 and p.
4
Suppose 2434851 = 298*c - 3691135. Calculate the greatest common factor of 61 and c.
61
Let t(o) = -297*o + 2079. Let h be t(4). Calculate the highest common divisor of h and 88.
11
Suppose -3*g + 3677 = -4*n, -43*g + 4*n = -45*g + 2398. What is the highest common divisor of g and 270?
135
Let s(n) = n**3 - 11*n**2 - 4*n - 94. Let g be s(12). What is the highest common factor of g and 261?
1
Let y(m) = -2*m**3 + 7*m**2 + 4*m + 2. Let h be y(4). Let n(p) = p**2 + p - 4. Let q be n(5). Let f = -24 + q. Calculate the greatest common divisor of h and f.
2
Suppose 7*n = 3*n + 164. Let q = 1216 + -847. What is the highest common factor of q and n?
41
Suppose -2*q = -4, -5*q + 199 = -p + 4*p. Suppose 11 = -2*h + p. Let i = 6 + 46. Calculate the greatest common divisor of h and i.
26
Let v = 310 + -181. Let h = v - -54. Let x = h - 91. Calculate the highest common divisor of x and 23.
23
Let x = 9084 + -8916. What is the greatest common divisor of x and 2982?
42
Let o(p) = 2*p**2 - 28. Let j be o(-7). Suppose d = a + a - 89, -3*d = -a + 57. Calculate the greatest common divisor of a and j.
14
Let q(v) = 19*v + 60. Let i(a) = -39*a - 119. Let u(m) = 2*i(m) + 5*q(m). Let b be u(30). What is the greatest common divisor of b and 104?
52
Let q(l) = -l**2 + l + 1. Let j be q(2). Let z = j + 16. Let x = 347 + -342. Calculate the highest common divisor of x and z.
5
Let r = -392 + 393. Suppose -a = 4*n - r - 4, 3*a - 3*n = 30. What is the greatest common divisor of a and 6?
3
Let h = -13 + 121. Let k = -78 + 311. Let t = 245 - k. Calculate the highest common divisor of t and h.
12
Let w(f) = 983*f - 6705. Let i be w(10). What is the highest common divisor of i and 75?
25
Suppose -260*v = -264*v. Suppose v = 3*c - 32 - 34. Calculate the greatest common divisor of c and 77.
11
Let k be -3 + 12/2 + -1. Suppose -j + 5 = -4*o, 2*j + 95 = 5*j + 4*o. Calculate the highest common factor of j and k.
1
Let b be 1/(((-4)/64)/(27/(-12))). Suppose 0 = 33*s - b*s + 201. Let k = s - 49. Calculate the greatest common divisor of 6 and k.
6
Let b = 4688 - 4643. Let f = -125 - -230. What is the greatest common divisor of b and f?
15
Let m(r) = -11*r - 7. Let x be m(-5). Suppose -126 = q - 116. Let g be q + 28/7 + -3 + 21. What is the highest common divisor of x and g?
12
Let o = 206 - 93. Let t be -1 + 0 + o + 0. Suppose -13*z + 5*z = -t. What is the greatest common factor of z and 28?
14
Suppose -a - 3 = 3*t, 19*t - 23*t - 3*a = -1. Let m be 4/(4/3) - (t + 3). Calculate the greatest common factor of 6 and m.
2
Let m be (-1)/(((-25)/75)/(4/3)). Let v = -195 + 293. What is the greatest common factor of v and m?
2
Let x be (1/(-3))/(12/(4 + -76)). Calculate the greatest common factor of 94 and x.
2
Let t = -9136 - -10735. What is the greatest common divisor of 1107 and t?
123
Let k(f) = f - 9. Let u be k(13). Let q be (54/u)/(-3)*-38. Suppose 5*g - q = 79. Calculate the highest common factor of 25 and g.
25
Let r = 3526 - 831. What is the highest common divisor of 22 and r?
11
Suppose 163*q - 30 = 157*q. Suppose 2*b = 8, -y - q*b = -10*b - 11. Let o(t) = 9*t**2 - 9*t + 9. Let x be o(6). Calculate the highest common factor of y and x.
31
Let a = -54 - -52. Let r be a*((-123)/6 - -4). Let w = r - 28. What is the highest common divisor of w and 2?
1
Let j be (41*(-7 + (-47)/(-7)))/(1/(-7)). What is the highest common divisor of j and 287?
41
Let o be -90 + (-3 - (1 + 0)). Let r = o + 105. What is the greatest common factor of r and 209?
11
Let j = -131 + 131. Suppose 2*o - 6 = -i + 16, j = -5*o + 5*i + 85. Calculate the highest common divisor of 143 and o.
13
Let a be 2*(10/(-4) - -3). Let j be (-654)/(-1199) - 428/(-22). Let t be (j + (-4)/1)*(a + 0). Calculate the greatest common divisor of t and 2.
2
Suppose -35*i + 4*d = -37*i + 148, i - 53 = 5*d. Calculate the greatest common divisor of 289 and i.
17
Let f = 356 - 134. Suppose -5*o + 346 - 63 = b, 3*b = -4*o + f. Calculate the greatest common factor of 19 and o.
19
Let v be ((-16)/18 + 307184/(-3285))/(2/(-20)). Calculate the greatest common factor of v and 368.
16
Suppose 2*s - 4*s + 144 = 0. Let y = 6237 - 5877. Calculate the highest common divisor of y and s.
72
Suppose 206*k = -60*k + 34048. What is the highest common factor of 22912 and k?
128
Suppose 924 + 504 = 4*o. Let d be (27/21)/((-9)/(-98)*(-68)/(-102)). Calculate the highest common factor of d and o.
21
Let x(n) = -3*n**3 - 12*n**2 - 5*n - 12. Let s be x(-4). Suppose 2*p - 4*j - 454 = -150, 2*j = s. Calculate the greatest common factor of p and 5.
5
Suppose 11 - 27 - 19 = -5*u. What is the greatest common divisor of 1267 and u?
7
Suppose 6*l - 120 = -90. Suppose -3*q - 3*r + 150 = 0, -l*q + 2*r + 250 = 4*r. Let g be (-2704)/(-6) + 6/(-9). What is the greatest common divisor of g and q?
50
Let w(y) = -2*y**2 + 206*y - 4866. Let a be w(38). Calculate the highest common divisor of 4958 and a.
74
Suppose 168*a = 165*a - 12, a + 6724 = 3*l. What is the greatest common divisor of l and 48?
16
Let r(a) = -a**3 - 81*a**2 - 156*a + 191. Let k be r(-79). Calculate the highest common factor of 869 and k.
11
Let x be ((-238)/10)/(1/(-5)) + 1. Calculate the highest common divisor of x and 2600.
40
Let z(o) = 5*o - 29. Suppose -4*g - 18 = -2*h - g, 2*h + 5*g - 18 = 0. Let q be z(h). Calculate the greatest common factor of q and 6.
2
Suppose -2*p + 6*p = 1984. Suppose -69442 + 68530 = -57*i. What is the highest common divisor of i and p?
16
Let m be 18369 - -17 - 33*4/12. Calculate the highest common divisor of m and 70.
35
Suppose 63*k - 65*k = -5*u - 55, -4*u = 3*k - 163. Calculate the highest common divisor of 1525 and k.
5
Suppose 3*u - 359 = -14*u - 87. What is the highest common divisor of u and 4?
4
Let z(j) = -j + 33. Let w = 186 + -202. Let h be z(w). What is the greatest common factor of h and 35?
7
Let t be -9 + 9 - (-828)/9. Suppose -8 = 90*x - t*x. Suppose 0*c = -c + 5. What is the greatest common divisor of x and c?
1
Let o(t) = -921*t - 1177. Let z be o(-38). What is the highest common divisor of 31 and z?
31
Let s(t) = 270*t**2 + 26*t + 76. Let r be s(-3). Calculate the greatest common factor of 4 and r.
4
Suppose 73502 + 233218 = 21*g + 3*g. Calculate the greatest common factor of g and 120.
60
Let r be ((-1)/(-3))/((-35)/(-385) - (-16)/66). What is the highest common factor of r and 852?
1
Let k(h) = 849*h**2 - 3*h - 2. Suppose -n - 4 = 0, 5*q + 7*n = 3*n - 21. Let a be k(q). What is the greatest common factor of 50 and a?
50
Suppose 5*r + 309 - 1549 = -3*b, 270 = r + 5*b. Calculate the highest common factor of 1323 and r.
49
Let z be 21 - (9 + (-7 - 14)). Suppose 4*x - 47 = 2*x - 5*t, -3*t + 37 = 2*x. Let b be (-1)/(-2)*2*x. What is the greatest common factor of z and b?
11
Suppose 0 = 4*o - s - 15092, o - 103*s - 3773 = -107*s. What is the greatest common factor of o and 98?
49
Let o be (-3004)/(-17273) + 2660/46. Let z = 3 + 345. Calculate the greatest common factor of o and z.
58
Suppose -2*u + 101 = -a, -13*a + 11*a = 4*u - 214. What is the greatest common factor of 5044 and u?
52
Suppose -22 = -3*v + 2*r, -2*r - 26 = -3*v + 2*r. Let p be (-9)/v*(14 - 3)*-2. Calculate the highest common factor of 22 and p.
11
Let y(n) be the third derivative of 3*n**4 - 317*n**3/6 - 165*n**2. Let b be y(10). What is the greatest common factor of b and 13?
13
Let w be (-70)/42*15*-1. Suppose 0*b + b = -5, 5*u - b = w. Let a be (9 - 1)/(4/2). What is the greatest common factor of a and u?
4
Suppose 0*c + 2*y - 25 = -5*c, -c - y + 5 = 0. Suppose 3*p - 522 = -c*n, 2*n = p + n - 166. What is the greatest common divisor of 13 and p?
13
Let k be 18*((-6)/4 + 2). Suppose -u + 3*s + k = 0, 3*u + 5*s - 2*s - 39 = 0. Let i = -357 + 489. What is the greatest common divisor of u and i?
12
Let r be (-108)/(-9)*(-2261)/(-84). Calculate the highest common divisor of r and 247.
19
Suppose 5*n - 4*z + z = -35, -2*z + 10 = -2*n. Let v = n + 19. Suppose -35*i + 24 + 26 = -55. Calculate the greatest common factor of i and v.
3
Let u be (((-156)/(-16))/13 + -1)*-44. Suppose 1383 = u*n - 1092. What is the greatest common divi